{"id":280,"date":"2024-04-11T10:29:58","date_gmt":"2024-04-11T13:29:58","guid":{"rendered":"https:\/\/amaiabrasil.com.br\/?page_id=280"},"modified":"2024-04-11T11:02:04","modified_gmt":"2024-04-11T14:02:04","slug":"a-marca","status":"publish","type":"page","link":"https:\/\/amaiabrasil.com.br\/?page_id=280","title":{"rendered":"A Marca"},"content":{"rendered":"\t\t<div data-elementor-type=\"wp-page\" data-elementor-id=\"280\" class=\"elementor elementor-280\" data-elementor-post-type=\"page\">\n\t\t\t\t<div class=\"elementor-element elementor-element-75420cde e-con-full e-flex e-con e-parent\" data-id=\"75420cde\" data-element_type=\"container\" data-settings=\"{&quot;background_background&quot;:&quot;classic&quot;}\">\n\t\t<div class=\"elementor-element elementor-element-1f52536c e-con-full e-flex e-con e-child\" data-id=\"1f52536c\" data-element_type=\"container\">\n\t\t\t\t<div class=\"elementor-element elementor-element-75920a6c elementor-invisible elementor-widget elementor-widget-heading\" data-id=\"75920a6c\" data-element_type=\"widget\" data-settings=\"{&quot;_animation&quot;:&quot;fadeInUp&quot;}\" data-widget_type=\"heading.default\">\n\t\t\t\t<div class=\"elementor-widget-container\">\n\t\t\t\t\t<h1 class=\"elementor-heading-title elementor-size-default\">A Marca<span style=\"color: #A59C87\">.<\/span><\/h1>\t\t\t\t<\/div>\n\t\t\t\t<\/div>\n\t\t\t\t<\/div>\n\t\t<div class=\"elementor-element elementor-element-3fdeafe e-con-full e-flex e-con e-child\" data-id=\"3fdeafe\" data-element_type=\"container\">\n\t\t\t\t<\/div>\n\t\t\t\t<\/div>\n\t\t<div class=\"elementor-element elementor-element-aace4c6 e-flex e-con-boxed e-con e-parent\" data-id=\"aace4c6\" data-element_type=\"container\">\n\t\t\t\t\t<div class=\"e-con-inner\">\n\t\t<div class=\"elementor-element elementor-element-4fc2b887 e-con-full e-flex e-con e-child\" data-id=\"4fc2b887\" data-element_type=\"container\" data-settings=\"{&quot;background_background&quot;:&quot;classic&quot;,&quot;background_motion_fx_motion_fx_scrolling&quot;:&quot;yes&quot;,&quot;background_motion_fx_scale_effect&quot;:&quot;yes&quot;,&quot;background_motion_fx_scale_direction&quot;:&quot;in-out&quot;,&quot;background_motion_fx_scale_speed&quot;:{&quot;unit&quot;:&quot;px&quot;,&quot;size&quot;:4,&quot;sizes&quot;:[]},&quot;background_motion_fx_scale_range&quot;:{&quot;unit&quot;:&quot;%&quot;,&quot;size&quot;:&quot;&quot;,&quot;sizes&quot;:{&quot;start&quot;:20,&quot;end&quot;:80}},&quot;background_motion_fx_devices&quot;:[&quot;desktop&quot;,&quot;tablet&quot;,&quot;mobile&quot;]}\">\n\t\t\t\t<\/div>\n\t\t<div class=\"elementor-element elementor-element-3fc9153a e-con-full e-flex e-con e-child\" data-id=\"3fc9153a\" data-element_type=\"container\" data-settings=\"{&quot;background_background&quot;:&quot;classic&quot;}\">\n\t\t\t\t<div class=\"elementor-element elementor-element-258c79c0 elementor-widget elementor-widget-text-editor\" data-id=\"258c79c0\" data-element_type=\"widget\" data-widget_type=\"text-editor.default\">\n\t\t\t\t<div class=\"elementor-widget-container\">\n\t\t\t\t\t\t\t\t\t<p>No cora\u00e7\u00e3o da marca Amaia pulsa o sonho audacioso de sua criadora, Paula Pessoa. Fascinada pelo vestir dos p\u00e9s, ela transformou sua paix\u00e3o em um prop\u00f3sito audacioso. Cada par de cal\u00e7ados Amaia n\u00e3o \u00e9 apenas um produto; \u00e9 uma narrativa cuidadosamente tecida para acompanhar os passos e sonhos de quem os usa.<\/p><p>Paula acreditava que o caminhar de uma pessoa n\u00e3o \u00e9 apenas um destino, mas sim uma jornada repleta de significado. Assim, ela decidiu criar cal\u00e7ados que n\u00e3o apenas adornassem os p\u00e9s, mas que tamb\u00e9m fossem c\u00famplices na constru\u00e7\u00e3o de hist\u00f3rias pessoais<\/p>\t\t\t\t\t\t\t\t<\/div>\n\t\t\t\t<\/div>\n\t\t\t\t<\/div>\n\t\t\t\t\t<\/div>\n\t\t\t\t<\/div>\n\t\t<div class=\"elementor-element elementor-element-7c4a5cc e-flex e-con-boxed e-con e-parent\" data-id=\"7c4a5cc\" data-element_type=\"container\">\n\t\t\t\t\t<div class=\"e-con-inner\">\n\t\t<div class=\"elementor-element elementor-element-6a3059f e-con-full e-flex e-con e-child\" data-id=\"6a3059f\" data-element_type=\"container\" data-settings=\"{&quot;background_background&quot;:&quot;classic&quot;}\">\n\t\t\t\t<div class=\"elementor-element elementor-element-253b89c elementor-widget elementor-widget-text-editor\" data-id=\"253b89c\" data-element_type=\"widget\" data-widget_type=\"text-editor.default\">\n\t\t\t\t<div class=\"elementor-widget-container\">\n\t\t\t\t\t\t\t\t\t<p>Na busca por qualidade, conforto e estilo, a Amaia tornou-se mais do que uma marca de cal\u00e7ados. Tornou-se a express\u00e3o tang\u00edvel de sonhos compartilhados. Cada costura, cada detalhe meticulosamente planejado, \u00e9 um testemunho do compromisso da designer em criar n\u00e3o apenas produtos, mas experi\u00eancias que enra\u00edzam e elevam.<\/p><p>Ao escolher um par de Amaia, voc\u00ea n\u00e3o apenas cal\u00e7a um sapato; voc\u00ea adota um peda\u00e7o dessa narrativa inspiradora. \u00c9 uma maneira de caminhar em sintonia com a jornada da pr\u00f3pria vida, sabendo que seus passos s\u00e3o acompanhados por uma marca que entende e celebra os sonhos que sustentam cada passo.<\/p>\t\t\t\t\t\t\t\t<\/div>\n\t\t\t\t<\/div>\n\t\t\t\t<\/div>\n\t\t<div class=\"elementor-element elementor-element-e946502 e-con-full e-flex e-con e-child\" data-id=\"e946502\" data-element_type=\"container\" data-settings=\"{&quot;background_background&quot;:&quot;classic&quot;,&quot;background_motion_fx_motion_fx_scrolling&quot;:&quot;yes&quot;,&quot;background_motion_fx_scale_effect&quot;:&quot;yes&quot;,&quot;background_motion_fx_scale_direction&quot;:&quot;in-out&quot;,&quot;background_motion_fx_scale_speed&quot;:{&quot;unit&quot;:&quot;px&quot;,&quot;size&quot;:4,&quot;sizes&quot;:[]},&quot;background_motion_fx_scale_range&quot;:{&quot;unit&quot;:&quot;%&quot;,&quot;size&quot;:&quot;&quot;,&quot;sizes&quot;:{&quot;start&quot;:20,&quot;end&quot;:80}},&quot;background_motion_fx_devices&quot;:[&quot;desktop&quot;,&quot;tablet&quot;,&quot;mobile&quot;]}\">\n\t\t\t\t<\/div>\n\t\t\t\t\t<\/div>\n\t\t\t\t<\/div>\n\t\t\t\t<\/div>\n\t\t","protected":false},"excerpt":{"rendered":"<p>A Marca. No cora\u00e7\u00e3o da marca Amaia pulsa o sonho audacioso de sua criadora, Paula Pessoa. Fascinada pelo vestir dos p\u00e9s, ela transformou sua paix\u00e3o em um prop\u00f3sito audacioso. Cada par de cal\u00e7ados Amaia n\u00e3o \u00e9 apenas um produto; \u00e9 uma narrativa cuidadosamente tecida para acompanhar os passos e sonhos de quem os usa. Paula [&hellip;]<\/p>\n","protected":false},"author":1,"featured_media":0,"parent":0,"menu_order":0,"comment_status":"closed","ping_status":"closed","template":"elementor_header_footer","meta":{"footnotes":""},"class_list":["post-280","page","type-page","status-publish","hentry"],"_links":{"self":[{"href":"https:\/\/amaiabrasil.com.br\/index.php?rest_route=\/wp\/v2\/pages\/280","targetHints":{"allow":["GET"]}}],"collection":[{"href":"https:\/\/amaiabrasil.com.br\/index.php?rest_route=\/wp\/v2\/pages"}],"about":[{"href":"https:\/\/amaiabrasil.com.br\/index.php?rest_route=\/wp\/v2\/types\/page"}],"author":[{"embeddable":true,"href":"https:\/\/amaiabrasil.com.br\/index.php?rest_route=\/wp\/v2\/users\/1"}],"replies":[{"embeddable":true,"href":"https:\/\/amaiabrasil.com.br\/index.php?rest_route=%2Fwp%2Fv2%2Fcomments&post=280"}],"version-history":[{"count":19,"href":"https:\/\/amaiabrasil.com.br\/index.php?rest_route=\/wp\/v2\/pages\/280\/revisions"}],"predecessor-version":[{"id":320,"href":"https:\/\/amaiabrasil.com.br\/index.php?rest_route=\/wp\/v2\/pages\/280\/revisions\/320"}],"wp:attachment":[{"href":"https:\/\/amaiabrasil.com.br\/index.php?rest_route=%2Fwp%2Fv2%2Fmedia&parent=280"}],"curies":[{"name":"wp","href":"https:\/\/api.w.org\/{rel}","templated":true}]}}